 + 5*i - 43. Give r(27).
3
Let i(l) be the third derivative of -l**6/360 - l**5/24 - 5*l**4/24 + 3*l**3/2 + 24*l**2 - l. Let v(u) be the first derivative of i(u). What is v(-4)?
-1
Let k be 2 + (3 + -6 - -2). Let s = k + 2. Let v(c) = -4*c**2 + 10*c - 7. Let m(i) = 3*i**2 - 9*i + 6. Let w(h) = -3*m(h) - 2*v(h). What is w(s)?
8
Let c(b) = 2*b + 17. Suppose -z - j + 41 = -6*z, -5*z - 3*j = 37. Let y be c(z). Let g(i) = 6*i**2 - 2*i + 0*i + i. What is g(y)?
5
Let d(r) = 3*r**2 + 8*r - 1. Let v(q) = q**2 + 3*q. Let i(z) = 4*d(z) - 11*v(z). Let c = -3 + 9. Suppose 3*p + c = p. Give i(p).
8
Let x(j) = 15*j - 1. Suppose 15 = -l + 6*l. Suppose 2*d = 3*q + 2*q + 22, 7 = -5*d - l*q. Give x(d).
14
Let r(x) be the first derivative of x**3 - 5*x**2 + 7*x + 29. Let u(s) = 2*s**2 - 10*s + 6. Let b(k) = 3*r(k) - 4*u(k). What is b(-10)?
-3
Let j(s) = -10*s + 3. Let z(a) = -3*a. Let k(t) = j(t) - 5*z(t). Calculate k(4).
23
Let d(l) = -l**2 - 3*l - 2. Let b = 41 - 20. Let u = b + -23. What is d(u)?
0
Let l(f) be the second derivative of 1/6*f**3 + 0 - 3/2*f**2 + 8*f. Let t(g) = 2*g - 3. Let i be t(5). Calculate l(i).
4
Let q(n) = n**2 + 9*n - 3. Let x = -18 + 13. Calculate q(x).
-23
Let g(n) = -8*n. Let y = -11 - -9. Let s be 5/((-20)/(-28)) + y. Suppose -f - 5*r = 1, 0*r + s = -5*f + 4*r. What is g(f)?
8
Let w(j) be the second derivative of -j**4/4 - 2*j**3 - j**2/2 + 11*j + 2. Give w(-4).
-1
Let h(x) be the first derivative of -11*x**2/2 + 2*x + 120. What is h(2)?
-20
Suppose 5*v = 2*u + 45, 3*v - 59 + 43 = -u. Let m = 1 - 1. Let h(o) = -8*o + o**3 + 3 - 1 - 6*o**2 + m. What is h(v)?
-5
Let w(j) = 43 + 0*j - 8*j**2 + j**3 - 22 - 20 - 10*j. Calculate w(9).
-8
Let d = -3 - -4. Let f(l) = -2*l**3 - d + l**2 - 37*l + 22*l + 16*l. What is f(2)?
-11
Suppose -4 = m - 14*r + 16*r, 4 = -4*m - 2*r. Let l(b) = b**3 + 1. Determine l(m).
1
Let m = 193 - 209. Let h(x) = x**3 + 16*x**2 + x + 21. Determine h(m).
5
Let q(b) = -16*b + 33. Let g(n) = 3*n - 7. Let z(l) = -11*g(l) - 2*q(l). Calculate z(7).
4
Let m(y) = -y + 2. Let l(o) = -5*o + 11. Let r(d) = -4*l(d) + 22*m(d). Determine r(1).
-2
Let w = 21 - 18. Let c(u) = 3*u**2 - 6*u**2 + 1 + 1 + w*u + 7*u**2. Let r(z) = -z - 11. Let b be r(-9). Give c(b).
12
Let d(n) = -n**3 - 30*n**2 - 53*n + 85. Let j be d(-28). Let f(c) = c - 2. Give f(j).
-1
Let j(y) = -49*y + 2 - 3 + 51*y. What is j(-5)?
-11
Let o(l) = -15*l**3 + 13*l**2 + 2*l + 1. Let g(c) = -7*c**3 + 7*c**2 + c. Let j(u) = 13*g(u) - 6*o(u). Calculate j(13).
7
Let w(p) = -p + 20. Let o(g) = g - 21. Let z(s) = -6*o(s) - 7*w(s). Suppose -85 = -4*n - 45. Give z(n).
-4
Let x(k) = -2*k**2 - 4. Let b(l) = -l**2. Let q(f) = 3*b(f) - x(f). Let p be q(3). Let o(s) = -24 + 23 - s + 3*s - 3*s. What is o(p)?
4
Suppose -2*g - 8 + 16 = 0. Suppose -4*j - 20 = -2*y, g*j + 10 = -y - 2*y. Let w(m) = 3*m - 9 - 6*m + 3. What is w(j)?
6
Let u(h) be the third derivative of h**6/180 + 17*h**3/6 - 20*h**2. Let k(f) be the first derivative of u(f). What is k(-2)?
8
Suppose 4 = -3*k - v - 26, v = 5*k + 42. Let m(x) = x + 19. Let z(b) = -1. Let u(c) = -m(c) - 5*z(c). Calculate u(k).
-5
Suppose -3*q = 42 + 12. Let m = -14 - q. Let k(g) = m*g + g**2 - 6 + 6*g - 5*g. Give k(-5).
-6
Suppose 4*d - 1 = 5*z - 4, -25 = 5*z. Let m be 3/(7/(-6) - 20/(-15)). Let t be (d/21)/((-1)/m). Let v(o) = -o**2 + 8*o - 2. Determine v(t).
10
Let q(l) = 3*l**3 - 12*l**2 + 16*l + 11. Let s(m) = -2*m**3 - m**2 - 1. Let y(b) = q(b) + 2*s(b). Calculate y(-15).
-6
Let t be (1 - -3) + (-2 - -5). Let w(o) be the third derivative of -o**5/60 + 3*o**4/8 - 2*o**3/3 - 2*o**2 + 49*o. Give w(t).
10
Let k(x) = 3*x**2 + 4*x - 9. Suppose -9*u - 82 + 55 = 0. Determine k(u).
6
Let h(m) = 7*m**2 + 21*m - 16. Let z(x) = 19*x**2 + 58*x - 48. Let l(s) = 8*h(s) - 3*z(s). Calculate l(-7).
9
Let c be -12 - (-2)/((-4)/(-10)). Let r(q) = 5*q - 3. Let k(o) = 6*o - 1. Let w(d) = c*r(d) + 6*k(d). Let s = -1 + 1. Give w(s).
15
Suppose -9*g = -67 + 67. Let p(b) = b**3 + b**2 - b - 1. Determine p(g).
-1
Let y(s) be the third derivative of 0*s + 1/24*s**4 + 3*s**2 - 1/2*s**3 + 0. Determine y(4).
1
Suppose 4*v - 13 = -r, v + 3*v = 3*r - 7. Let g(s) = -11*s + 2. Calculate g(v).
-20
Suppose 11 = 2*d + 3. Let r(y) = 4*y + 11*y + 8*y + y**2 - 29*y + 1. Calculate r(d).
-7
Let m(b) = -4*b + 27. Let v(l) = l + 13. Let r be v(-8). Let z be m(r). Let q(f) = -f**3 + 7*f**2 - 5. Calculate q(z).
-5
Let t(y) be the second derivative of y**4/12 + y**3/3 - 2*y**2 + y. Suppose -2*q - 22 = a + 3*a, 5*q = -2*a - 31. Calculate t(a).
-1
Let m = -15 - -10. Let h(j) = -3*j - 34. Let x be h(-12). Let g(f) = 2*f**x - 3 + 31*f - 38*f - 3*f**2. Give g(m).
7
Let f(y) = -3*y**3 - 13*y**2 + 6*y + 4. Let d(o) = -8*o**3 - 38*o**2 + 18*o + 11. Let r(k) = 4*d(k) - 11*f(k). Calculate r(8).
-16
Let l(n) be the third derivative of -n**7/1260 + n**6/240 - n**5/5 - 5*n**2. Let s(a) be the third derivative of l(a). Determine s(4).
-13
Let u(f) = -2*f - 3. Let o(l) = l**2 + 3*l - 13. Let j be o(-5). What is u(j)?
3
Let w be 13 - (-1 + -1 + 2). Let c = -10 + w. Let x(g) = 9*g + 3*g**2 + 0*g - c*g - 2*g**2. Calculate x(-4).
-8
Let b(u) = -u**3 - 3*u**2 + 5*u + 6. Let q(x) = -x**2 + 17*x - 73. Let p be q(10). Give b(p).
-9
Let v(h) = h**2 - 3*h + 2. Let s be v(3). Let f(w) = -6*w**s + w**3 - 4 + 22*w - 14*w - 9*w. Calculate f(6).
-10
Suppose 421*d - 391*d = 240. Let f(a) be the third derivative of -d*a**2 - 1/6*a**3 + 0 + 0*a + 7/24*a**4. Calculate f(2).
13
Let l = -227 - -234. Let t(g) = -2*g + 5. Determine t(l).
-9
Let d(t) = -2*t + 1. Let q(k) = 232*k + k**2 - 8*k**2 + 16 - 231*k - k**3. Let z(f) = -5*d(f) + q(f). Determine z(-8).
-13
Let l be -1 + (-6 - 35/(-5)). Let f(p) = -p**3 + p**2 - p. Give f(l).
0
Let x(s) be the third derivative of 7/24*s**4 + 13*s**2 - 1/60*s**5 - s**3 + 0 + 0*s. Give x(6).
0
Let v = -344 + 347. Let h(b) = 3*b**2 - b - 3. What is h(v)?
21
Suppose l + 4*l + 5*k - 25 = 0, 0 = -l + k - 1. Let m(p) = -6*p**l - p - 29 - 2*p - p**3 + 22 + p. Give m(-5).
-22
Let v(t) = t**2 + 2*t. Let m(r) = -1. Let k(y) = m(y) - v(y). Suppose 14*p + 18 - 4 = 0. Let h(a) = a - 1. Let d(z) = p*k(z) - 2*h(z). Give d(0).
3
Let f(t) = -5*t**3 - 3*t**2 + 27*t + 41. Let b(s) = 2*s**3 + s**2 - 10*s - 14. Let r(h) = -8*b(h) - 3*f(h). Calculate r(0).
-11
Let j = -6/13 + 103/26. Let b(h) be the first derivative of 2/3*h**3 + 5*h - j*h**2 + 3. Give b(4).
9
Let i(v) = -2*v - 24. Let h(r) = 11*r - 98. Let t be h(8). Determine i(t).
-4
Let d(g) be the second derivative of g**3/6 - 2*g**2 + 13*g + 4. What is d(-4)?
-8
Let z(k) = -k**2 + 2*k**2 + 4 + 0*k**2 - k - 5. Suppose 4*l = -3*b + 10, -5*l + 3*b = -b - 28. Let j be (l/(-2))/(6 + -7). Calculate z(j).
1
Let k(f) = -7 + 71*f - 150*f - f**2 + 72*f. Let r(u) = -3*u**3 + 1. Let g be r(-1). Let v be (3 - g)*5*1. Give k(v).
3
Let h(j) = j**2 - 5*j - 7. Let v(b) = b**2 - 5*b - 8. Let p(r) = -6*h(r) + 5*v(r). Determine p(4).
6
Let w(o) = 2*o + 7. Let u(f) = 3*f - 4. Let h(i) = -u(i) + 2*w(i). Determine h(-9).
9
Let g(n) = n - 5. Suppose 3*f - 66 = 6*f. Let m = f + 22. Give g(m).
-5
Let f(g) be the first derivative of g**4/4 + 4*g**3 - 7*g**2 - 18*g + 137. What is f(-13)?
-5
Let g(x) be the first derivative of x**5/20 - x**4/4 - x**3/3 - 3*x**2/2 + 15*x + 15. Let p(w) be the first derivative of g(w). Give p(3).
-9
Let i(h) = -3*h - 6. Let f = -226 - -217. Give i(f).
21
Suppose -3 - 13 = -w - 2*n, 5*w = -4*n + 86. Let u(q) = -3*q + 55. Determine u(w).
1
Let z(y) = 2 + 8*y - 3 - y**2 - 2. Suppose 0 = -3*k + 4*s + 43, -5*k - 7*s + 29 = -3*s. Suppose -k = -w - 3. Give z(w).
9
Let a be -1 + 4 + 0/(-2). Let c(v) = 4 + 5*v**2 + 7*v**3 - 6*v**a - v**2. Suppose 9*r = -3*r - 48. Give c(r).
4
Let r = 1044 - 1043. Let h(w) = -3*w + 0 + 2*w + 6*w**2 + 1. What is h(r)?
6
Let b(y) be the first derivative of y**2 - 3*y - 2. Suppose 62*a - 63*a - 2 = 0. Let z be (56/(-12) + 4)/(a/15). Give b(z).
7
Let w(y) be the third derivative of 1/8*y**4 + y**3 + 0 + 0*y + 4*y**2. What is w(-5)?
-9
Let y = -16 + 28. Let u(o) = -13*o + y*o - 2*o. Calculate u(-1).
3
Let m be (-16)/(-56)*(1 - -6). Let q(g) = g - 1. Let z(r) = 1. Let j(l) = -q(l) + 2*z(l). Calculate j(m).
1
Let s(y) = y**2 + y. Let d(x) = x**3 + 8*x**2 + 5*x + 1. Let j(i) = d(i) - 5*s(i). What is j(-3)?
1
Let h(m) = m - 1. 